 + 4. Suppose 25 + 7 = n*v. List the prime factors of v.
2
Let y(a) = a**3 + 22*a**2 + 61*a - 13. Let c be y(-20). Let s = c - -843. What are the prime factors of s?
2, 5, 41
Suppose 1017 = -5*y + 2557. Let j = -187 + y. Let p = j - 89. What are the prime factors of p?
2
Suppose 0 = 3*z - 4*s - 11, 5*s = -3*z - 2*z + 30. Suppose o + 4*o + 35 = 5*p, 55 = z*p + 5*o. List the prime factors of 192/((48/p)/8).
2, 3
Let v be -1 + 1 + 2 + (-4 - -2). Suppose 11*n + 5*a + 459 = 9*n, 5*n - 3*a + 1070 = v. Let g = n + 328. List the prime factors of g.
3, 37
Let r = -74 - -73. Let b be (-90)/20*(r + 23). What are the prime factors of (b/44)/(1/(-16))?
2, 3
Let o(g) = g**3 + 10*g**2 + 7*g + 29. Let h be o(-10). Let t = h - -56. Suppose a + 4*i = 3*a - 242, 3*i - t = 0. What are the prime factors of a?
131
List the prime factors of (13 - 120)/(2/(-274)).
107, 137
Let y = 4632 - 1679. What are the prime factors of y?
2953
Suppose -549*z = -605*z + 801920. List the prime factors of z.
2, 5, 179
Suppose 20182 = 20*q - 1378. Suppose 4*o - 1502 = d + q, o + 3*d - 645 = 0. List the prime factors of o.
3, 5, 43
Suppose 9366 = 36*l - 7482. List the prime factors of l.
2, 3, 13
Let g(x) = -x**3 + 12*x**2 - 12*x + 18. Let v be g(11). Let q be (23 - 2)*1*2/v. What are the prime factors of 112/q*27/9?
2, 7
Suppose 5*t - 10 = -0. Suppose -3*u + 4*z = -z - 2856, -z = t*u - 1904. Suppose u = 6*s + s. List the prime factors of s.
2, 17
Suppose 0 = 21*j + 39342 - 329520. What are the prime factors of j?
2, 3, 7, 47
Suppose -2*i + c + 84398 = 0, -2*c - 67087 - 59510 = -3*i. List the prime factors of i.
19, 2221
Let n = 54 + -15. Let s = n + -31. Let x = 48 + s. What are the prime factors of x?
2, 7
Let x(m) be the third derivative of 0*m + 3*m**2 - 3/2*m**3 + 0 - 1/8*m**4. List the prime factors of x(-11).
2, 3
Let y be (3 - 8)/(5/(-2)). Let j(n) = 8*n - 1. Let m be j(2). Suppose -y*x + m = -155. List the prime factors of x.
5, 17
Suppose 5*t + 84 = -4*k + 219, -26 = -2*t + 4*k. Suppose t*a - 20790 = -4*a. What are the prime factors of a?
2, 5, 7, 11
Let p(g) = g**2 + 12*g - 11. Let w be p(-13). Suppose w*b = 8, -5*b - 44 = -5*y - b. Suppose 2*s = 6*s + y, -360 = -5*v + 5*s. List the prime factors of v.
3, 23
Let g be (0 + -257)/(4*3/12). Let u = 67 - g. What are the prime factors of u?
2, 3
What are the prime factors of (3 - 1354)/(1/(-12) + 50/(-120))?
2, 7, 193
List the prime factors of ((-16)/(-64))/((-3)/(-56988)).
3, 1583
Let k = 2005 - -162. List the prime factors of k.
11, 197
Let s = -9532 - -25490. What are the prime factors of s?
2, 79, 101
Let f(c) = -9*c**3 - 12*c**2 - 10*c + 107. What are the prime factors of f(-10)?
3, 17, 157
Let o(f) = f**2 - 2*f - 3. Let l be o(4). Suppose -l*w + 578 = j - 407, w + 4*j - 197 = 0. Let c = w - 72. List the prime factors of c.
5
Let j(n) = 6101*n - 8. Let v be j(-2). Let k be 9/(243/v) - (-6)/27. What are the prime factors of (-1)/((-222)/k + 1/(-2))?
113
What are the prime factors of (((-8910)/(-50))/9)/((-4)/(-10340))?
3, 11, 47
List the prime factors of (-10)/375*-3 - (-1787088)/775.
2, 1153
Suppose -1148*o = -1144*o - 27168. List the prime factors of o.
2, 3, 283
Let b(l) = -l - 101. Let h be b(24). Let s be (3 + -2)*1*178. Let u = s + h. What are the prime factors of u?
53
Let q = 16714 + -12279. List the prime factors of q.
5, 887
Let c(q) = 4*q**3 - q**2 - q - 1. Let j(w) = -15*w**3 + 10*w**2 + w + 1. Let a(i) = -4*c(i) - j(i). Suppose 6 = -d - 2. What are the prime factors of a(d)?
107
List the prime factors of -3 - (((-19325)/3)/(-5))/(6/(-18)).
2, 1931
Let m(c) = c**2 + 63*c + 68. What are the prime factors of m(35)?
2, 3, 11, 53
Let k(c) = -3460*c - 87. What are the prime factors of k(-5)?
7, 2459
Suppose 99681 = 49*z + 26*z - 72*z. List the prime factors of z.
149, 223
Let s = 82158 + -46915. List the prime factors of s.
13, 2711
Let p(s) = 4*s**2 - 48*s + 46. Let a be p(13). Suppose r + 0 = 68. Suppose -67*f - a = -r*f. What are the prime factors of f?
2, 7
Let f(z) = z**3 - 17*z**2 - 10*z - 13. Let n be f(15). Let l = -134 - n. Suppose -l + 1953 = 11*p. List the prime factors of p.
2, 67
Suppose -148*g = 18*g + 6589 - 58049. What are the prime factors of g?
2, 5, 31
Let o(m) = -568 + 85*m + 545 - 23*m. What are the prime factors of o(8)?
11, 43
Let p(m) = -2*m**2 - 27*m - m**3 + 11 - 5*m**2 - m**2 - 6*m**2. List the prime factors of p(-15).
641
Suppose 10 = -c - 5*h, c + 2*h - 2 = h. Suppose 2*v - c = a, -3*v + v = 3*a - 9. Suppose 4*s = 3*s - q + 220, 3*q = v*s - 636. List the prime factors of s.
2, 3
Let z = 27218 - 10675. What are the prime factors of z?
71, 233
Suppose 0 = p - 6*p + c + 19682, 19672 = 5*p + 4*c. Suppose -n + 5*n = p. Suppose -3*z = 12, n = 5*v - 0*z - z. What are the prime factors of v?
2, 7
Suppose -140*u + 137*u = -41867 + 6788. List the prime factors of u.
11, 1063
Let d(x) = -63*x**3 + 3*x**2 - 14*x - 59. List the prime factors of d(-6).
7, 13, 151
Let m(z) = -246*z + 2713. What are the prime factors of m(-72)?
5, 19, 43
Let p be ((24/(-18))/(-4))/((-1)/9). Let l(o) = 20*o**2 + 4. What are the prime factors of l(p)?
2, 23
Let j(v) = -130*v + 79. What are the prime factors of j(-32)?
3, 157
Let w(c) be the third derivative of c**5/30 - 53*c**4/24 + 7*c**3/2 + 3*c**2 - 5*c. What are the prime factors of w(31)?
2, 3, 5
Let b be -4*(31/18 + 10/(-45)). Let k be b/9*(-108)/4. List the prime factors of (122/4 - 2)*24/k.
2, 19
Let r = 37 - 35. Let x be 145/35 - 1 - r/14. Suppose 0 = -2*f - 3*f - 3*s + 192, -x*f + 120 = -3*s. List the prime factors of f.
3, 13
Suppose 960*b = 878*b + 1433524. What are the prime factors of b?
2, 8741
Let s(i) = -4*i - 3. Let f be s(-6). Let j(r) = -r**3 - 25*r**2 + 2*r + 62. Let t be j(-25). Suppose f*c - 22*c = -t. List the prime factors of c.
2, 3
Suppose -k - 3*k = 4*v - 4, 0 = 4*k + 3*v - 6. Suppose -k*i - 399 = -3*a + 2*i, -i = 4*a - 509. Let z = 18 + a. What are the prime factors of z?
2, 73
Suppose u + 557 = 2*u + i, 0 = -u - 4*i + 548. Suppose -5*x - w - u = 0, x + 5*w + 136 = -0. Let g = 202 + x. List the prime factors of g.
7, 13
Suppose u = 4*a, -63*u - 17 = -67*u - a. What are the prime factors of 257/1*(u - 7)*-1?
3, 257
Suppose -5385*f + 390412 = -5374*f. List the prime factors of f.
2, 19, 467
Let s = -15 - -24. Let q(f) = -59 + 267*f + 286*f - 529*f. List the prime factors of q(s).
157
Let o = -15268 + 27206. What are the prime factors of o?
2, 47, 127
Let d(g) = -198*g - 37 + 11 + 192*g. Suppose 25 = 3*l - 8*l. What are the prime factors of d(l)?
2
Suppose -63*t + 70*t = 3521. Let m = 716 - t. What are the prime factors of m?
3, 71
Let w = 466 - 388. Let q(l) = 51*l**2 + 1. Let c be q(-1). Suppose -p + c = -w. What are the prime factors of p?
2, 5, 13
Let s = 7307 - 4303. List the prime factors of s.
2, 751
Let z be ((-112)/(-21))/(2/222). Let x = z - 385. What are the prime factors of x?
3, 23
Let j be -3*(12/42)/((-6)/(-70)). Let b be ((-16)/j)/((-15)/225). List the prime factors of 1/(-6) - 2884/b.
2, 3, 5
Suppose -2*i - 3*c + 244 = -0*i, -3*i + 379 = -2*c. Let a(d) = -d**3 + 13*d**2 - 21*d + 14. Let w be a(10). Let j = i - w. List the prime factors of j.
3, 7
Suppose -112*j + 73*j = -125580. What are the prime factors of j?
2, 5, 7, 23
Suppose -222*q + 243*q = 11592. What are the prime factors of q?
2, 3, 23
Suppose 48 = 56*p - 62*p. List the prime factors of p/(-3)*6660/80.
2, 3, 37
What are the prime factors of ((-17596540)/(-455))/((-2)/7)*1/(-2)?
67679
List the prime factors of 44529 + -26 - (3 - -1).
3, 7, 13, 163
Let m(c) = 9*c + 7. Let a(i) be the second derivative of i**4/12 - i**3 - 3*i**2/2 + 17*i. Let t be a(7). What are the prime factors of m(t)?
43
Suppose -v = 3*q - 7*q + 15, 3*q - 10 = v. Suppose 176 = -q*b + 3*b. Let r = b + 164. List the prime factors of r.
2, 19
Let v = 56416 - 33830. What are the prime factors of v?
2, 23, 491
Let u(b) = 13 + b - 3*b**3 - 43*b**2 + 23*b**2 + 0*b. What are the prime factors of u(-8)?
3, 29
Let b(z) = -177*z + 6. Let n(d) = -58*d + 2. Let k(u) = -2*b(u) + 7*n(u). What are the prime factors of k(-1)?
2, 3
Let r(q) = -q**2 + 9*q - 10. Let n be r(8). Let t be ((-2 + 6)/(-4))/(n/606). Let l = t + -150. What are the prime factors of l?
3, 17
Let v be 3*(-8)/18*3. Let c(d) = -8*d. Let q be c(v).